[INFO] cloning repository https://github.com/gongf05/pwasm_token
[INFO] running `Command { std: "git" "-c" "credential.helper=" "-c" "credential.helper=/workspace/cargo-home/bin/git-credential-null" "clone" "--bare" "https://github.com/gongf05/pwasm_token" "/workspace/cache/git-repos/https%3A%2F%2Fgithub.com%2Fgongf05%2Fpwasm_token", kill_on_drop: false }`
[INFO] [stderr] Cloning into bare repository '/workspace/cache/git-repos/https%3A%2F%2Fgithub.com%2Fgongf05%2Fpwasm_token'...
[INFO] running `Command { std: "git" "rev-parse" "HEAD", kill_on_drop: false }`
[INFO] [stdout] c64b7b895003b74dcae3787a9bdc6ed41a7408c2
[INFO] checking gongf05/pwasm_token against master#cfbc6d4cf1acbac5c025acf8ed68929caa551df3 for pr-75494-beta
[INFO] running `Command { std: "git" "clone" "/workspace/cache/git-repos/https%3A%2F%2Fgithub.com%2Fgongf05%2Fpwasm_token" "/workspace/builds/worker-1/source", kill_on_drop: false }`
[INFO] [stderr] Cloning into '/workspace/builds/worker-1/source'...
[INFO] [stderr] done.
[INFO] validating manifest of git repo https://github.com/gongf05/pwasm_token on toolchain cfbc6d4cf1acbac5c025acf8ed68929caa551df3
[INFO] running `Command { std: "/workspace/cargo-home/bin/cargo" "+cfbc6d4cf1acbac5c025acf8ed68929caa551df3" "read-manifest" "--manifest-path" "Cargo.toml", kill_on_drop: false }`
[INFO] started tweaking git repo https://github.com/gongf05/pwasm_token
[INFO] finished tweaking git repo https://github.com/gongf05/pwasm_token
[INFO] tweaked toml for git repo https://github.com/gongf05/pwasm_token written to /workspace/builds/worker-1/source/Cargo.toml
[INFO] crate git repo https://github.com/gongf05/pwasm_token already has a lockfile, it will not be regenerated
[INFO] running `Command { std: "/workspace/cargo-home/bin/cargo" "+cfbc6d4cf1acbac5c025acf8ed68929caa551df3" "fetch" "--locked" "--manifest-path" "Cargo.toml", kill_on_drop: false }`
[INFO] [stderr]     Blocking waiting for file lock on package cache
[INFO] [stderr]  Downloading crates ...
[INFO] [stderr]   Downloaded serde_derive v1.0.45
[INFO] [stderr]   Downloaded pwasm-libc v0.2.0
[INFO] [stderr]   Downloaded syn v0.13.4
[INFO] [stderr]   Downloaded object-alloc v0.1.0
[INFO] [stderr]   Downloaded tiny-keccak v1.4.1
[INFO] [stderr]   Downloaded pwasm-ethereum v0.3.0
[INFO] [stderr]   Downloaded pwasm-alloc v0.3.0
[INFO] [stderr]   Downloaded sysconf v0.3.1
[INFO] [stderr]   Downloaded mmap-alloc v0.2.0
[INFO] [stderr]   Downloaded pwasm-abi v0.1.2
[INFO] [stderr]   Downloaded pwasm-std v0.6.0
[INFO] [stderr]   Downloaded bigint v4.3.0
[INFO] [stderr]   Downloaded parity-hash v1.1.0
[INFO] [stderr]   Downloaded wee_alloc v0.2.0
[INFO] [stderr]   Downloaded pwasm-abi-derive v0.1.2
[INFO] running `Command { std: "docker" "create" "-v" "/var/lib/crater-agent-workspace/builds/worker-1/target:/opt/rustwide/target:rw,Z" "-v" "/var/lib/crater-agent-workspace/builds/worker-1/source:/opt/rustwide/workdir:ro,Z" "-v" "/var/lib/crater-agent-workspace/cargo-home:/opt/rustwide/cargo-home:ro,Z" "-v" "/var/lib/crater-agent-workspace/rustup-home:/opt/rustwide/rustup-home:ro,Z" "-e" "SOURCE_DIR=/opt/rustwide/workdir" "-e" "CARGO_TARGET_DIR=/opt/rustwide/target" "-e" "CARGO_HOME=/opt/rustwide/cargo-home" "-e" "RUSTUP_HOME=/opt/rustwide/rustup-home" "-w" "/opt/rustwide/workdir" "-m" "1610612736" "--user" "0:0" "--network" "none" "rustops/crates-build-env@sha256:a636fd89d022f18117e1dc8fb37a0a009933cdbbe082814857f0e2024962d47c" "/opt/rustwide/cargo-home/bin/cargo" "+cfbc6d4cf1acbac5c025acf8ed68929caa551df3" "metadata" "--no-deps" "--format-version=1", kill_on_drop: false }`
[INFO] [stdout] 707bb2ed756275525248c0f80d30c0133767469008c9c947f44bb4a56b4e051c
[INFO] [stderr] WARNING: Your kernel does not support swap limit capabilities or the cgroup is not mounted. Memory limited without swap.
[INFO] running `Command { std: "docker" "start" "-a" "707bb2ed756275525248c0f80d30c0133767469008c9c947f44bb4a56b4e051c", kill_on_drop: false }`
[INFO] running `Command { std: "docker" "inspect" "707bb2ed756275525248c0f80d30c0133767469008c9c947f44bb4a56b4e051c", kill_on_drop: false }`
[INFO] running `Command { std: "docker" "rm" "-f" "707bb2ed756275525248c0f80d30c0133767469008c9c947f44bb4a56b4e051c", kill_on_drop: false }`
[INFO] [stdout] 707bb2ed756275525248c0f80d30c0133767469008c9c947f44bb4a56b4e051c
[INFO] running `Command { std: "docker" "create" "-v" "/var/lib/crater-agent-workspace/builds/worker-1/target:/opt/rustwide/target:rw,Z" "-v" "/var/lib/crater-agent-workspace/builds/worker-1/source:/opt/rustwide/workdir:ro,Z" "-v" "/var/lib/crater-agent-workspace/cargo-home:/opt/rustwide/cargo-home:ro,Z" "-v" "/var/lib/crater-agent-workspace/rustup-home:/opt/rustwide/rustup-home:ro,Z" "-e" "SOURCE_DIR=/opt/rustwide/workdir" "-e" "CARGO_TARGET_DIR=/opt/rustwide/target" "-e" "CARGO_INCREMENTAL=0" "-e" "RUST_BACKTRACE=full" "-e" "RUSTFLAGS=--cap-lints=forbid" "-e" "CARGO_HOME=/opt/rustwide/cargo-home" "-e" "RUSTUP_HOME=/opt/rustwide/rustup-home" "-w" "/opt/rustwide/workdir" "-m" "1610612736" "--user" "0:0" "--network" "none" "rustops/crates-build-env@sha256:a636fd89d022f18117e1dc8fb37a0a009933cdbbe082814857f0e2024962d47c" "/opt/rustwide/cargo-home/bin/cargo" "+cfbc6d4cf1acbac5c025acf8ed68929caa551df3" "check" "--frozen" "--all" "--all-targets" "--message-format=json", kill_on_drop: false }`
[INFO] [stdout] 9f4480a9cd4d00815ee07651b34ab2292f5d2f37f90918bb18a0b07ca05fb9c5
[INFO] [stderr] WARNING: Your kernel does not support swap limit capabilities or the cgroup is not mounted. Memory limited without swap.
[INFO] running `Command { std: "docker" "start" "-a" "9f4480a9cd4d00815ee07651b34ab2292f5d2f37f90918bb18a0b07ca05fb9c5", kill_on_drop: false }`
[INFO] [stderr]    Compiling crunchy v0.1.6
[INFO] [stderr]    Compiling bigint v4.3.0
[INFO] [stderr]    Compiling winapi-build v0.1.1
[INFO] [stderr]     Checking winapi v0.2.8
[INFO] [stderr]     Checking byteorder v1.2.2
[INFO] [stderr]     Checking object-alloc v0.1.0
[INFO] [stderr]     Checking rustc-hex v1.0.0
[INFO] [stderr]     Checking rlibc v1.0.0
[INFO] [stderr]     Checking cfg-if v0.1.3
[INFO] [stderr]    Compiling unicode-xid v0.0.4
[INFO] [stderr]    Compiling serde v1.0.45
[INFO] [stderr]    Compiling quote v0.3.15
[INFO] [stdout] error[E0432]: unresolved import `alloc::allocator`
[INFO] [stdout]   --> /opt/rustwide/cargo-home/registry/src/github.com-1ecc6299db9ec823/object-alloc-0.1.0/src/lib.rs:12:12
[INFO] [stdout]    |
[INFO] [stdout] 12 | use alloc::allocator::Layout;
[INFO] [stdout]    |            ^^^^^^^^^ could not find `allocator` in `alloc`
[INFO] [stdout] 
[INFO] [stdout] 
[INFO] [stdout] error[E0554]: `#![feature]` may not be used on the beta release channel
[INFO] [stdout]  --> /opt/rustwide/cargo-home/registry/src/github.com-1ecc6299db9ec823/object-alloc-0.1.0/src/lib.rs:8:1
[INFO] [stdout]   |
[INFO] [stdout] 8 | #![feature(alloc, allocator_api)]
[INFO] [stdout]   | ^^^^^^^^^^^^^^^^^^^^^^^^^^^^^^^^^
[INFO] [stdout] 
[INFO] [stdout] 
[INFO] [stdout] error[E0554]: `#![feature]` may not be used on the beta release channel
[INFO] [stdout]  --> /opt/rustwide/cargo-home/registry/src/github.com-1ecc6299db9ec823/object-alloc-0.1.0/src/lib.rs:9:1
[INFO] [stdout]   |
[INFO] [stdout] 9 | #![feature(core_intrinsics)]
[INFO] [stdout]   | ^^^^^^^^^^^^^^^^^^^^^^^^^^^^
[INFO] [stdout] 
[INFO] [stdout] 
[INFO] [stdout] error: aborting due to 3 previous errors
[INFO] [stdout] 
[INFO] [stdout] 
[INFO] [stdout] Some errors have detailed explanations: E0432, E0554.
[INFO] [stdout] 
[INFO] [stdout] For more information about an error, try `rustc --explain E0432`.
[INFO] [stdout] 
[INFO] [stderr] error: could not compile `object-alloc`.
[INFO] [stderr] 
[INFO] [stderr] To learn more, run the command again with --verbose.
[INFO] [stderr] warning: build failed, waiting for other jobs to finish...
[INFO] [stderr] error: build failed
[INFO] running `Command { std: "docker" "inspect" "9f4480a9cd4d00815ee07651b34ab2292f5d2f37f90918bb18a0b07ca05fb9c5", kill_on_drop: false }`
[INFO] running `Command { std: "docker" "rm" "-f" "9f4480a9cd4d00815ee07651b34ab2292f5d2f37f90918bb18a0b07ca05fb9c5", kill_on_drop: false }`
[INFO] [stdout] 9f4480a9cd4d00815ee07651b34ab2292f5d2f37f90918bb18a0b07ca05fb9c5
